-7)?
137
Let i(t) = t**3 + 172*t**2 - 997*t - 112924. Give i(-174).
2
Let h(f) = 6*f**2 + 190*f - 5674. Calculate h(21).
962
Let y(a) = 7*a + 406. Give y(-49).
63
Let k(d) = -93*d**2 - 1054*d + 12. Determine k(-10).
1252
Let i(j) = 2*j**3 - 400*j**2 - 5543*j + 1038. What is i(213)?
-27
Let b(m) = -799*m**2 + 9401*m + 2246. Calculate b(12).
2
Let c(z) = -2*z**2 - 104*z - 56. Give c(0).
-56
Let w(d) = d**3 - 67*d**2 - 237*d + 24055. Calculate w(65).
200
Let s(t) = -7*t**2 + 3404*t + 24062. Give s(-7).
-109
Let l(m) = -10*m**2 + 449*m - 3358. What is l(35)?
107
Let a(f) = f**3 + 414*f**2 + 2280*f - 1005. Calculate a(-6).
3
Let o(c) = 184934*c - 7. Give o(0).
-7
Let q(c) = c**2 - 45*c - 36. Give q(16).
-500
Let q(l) = -l**3 - 89*l**2 - 202*l - 787. Give q(-87).
1649
Let h(r) = -125*r**2 + 12024*r - 2283. Give h(96).
21
Let c(n) = -1121146*n + 2242303. Calculate c(2).
11
Let v(b) = 3*b**2 - 2526*b - 17755. What is v(-7)?
74
Let f(m) = -5*m**3 + 82*m**2 - 36*m + 323. What is f(16)?
259
Let y(p) = 4959*p + 28907. Give y(-6).
-847
Let f(h) = -7*h**2 + 31*h + 255. What is f(12)?
-381
Let v(p) = 704*p**2 + 679*p + 13. Give v(-1).
38
Let o(t) = -127182*t - 381102. Calculate o(-3).
444
Let r(h) = -9*h**2 + 2516*h - 1427. What is r(279)?
-32
Let s(m) = -50*m**3 - 25599*m**2 + 492*m - 10196. Calculate s(-512).
44
Let b(c) = -357*c**2 + 315*c + 46. Give b(-2).
-2012
Let c(s) = 2*s**2 - 432*s - 16072. Determine c(-34).
928
Let b(y) = -39*y**2 - 3558*y - 4340. Determine b(-90).
-20
Let j(c) = 93*c - 7171. Calculate j(79).
176
Let v(a) = -a**3 - a**2 + 69*a + 64. Determine v(-7).
-125
Let m(q) = 2*q**2 + 54392*q - 163199. Calculate m(3).
-5
Let o(m) = -4*m**3 - 264*m**2 - 521*m - 578. Determine o(-64).
-2
Let b(p) = 19972*p - 1118441. Determine b(56).
-9
Let l(q) = -70*q - 8501. What is l(-95)?
-1851
Let k(m) = -10843*m**2 + 21670*m + 16. Give k(2).
-16
Let p(y) = 840783*y - 18497218. What is p(22)?
8
Let f(k) = -499122*k - 25954347. Give f(-52).
-3
Let x(v) = -2*v**3 - 16*v**2 + 16*v - 206. What is x(-10)?
34
Let l(k) = k**3 + 11*k**2 - 82*k - 725. Determine l(-13).
3
Let f(m) = m**3 - 131*m**2 - 311*m - 70002. Give f(137).
5
Let b(r) = 3610*r**2 - 10794*r - 93. Determine b(3).
15
Let b(n) = 1484264*n + 19295415. Give b(-13).
-17
Let z(r) = -50*r**3 + 34*r**2 - 357*r + 362. Give z(1).
-11
Let y(a) = -29207*a - 28593644. Determine y(-979).
9
Let m(c) = 32142*c + 160705. Determine m(-5).
-5
Let k(r) = -27*r**2 + 2187*r - 2334. What is k(80)?
-174
Let p(i) = -3*i**2 - 3720*i - 7440. Give p(-2).
-12
Let c(k) = 9*k**3 - 729*k**2 + 14419*k - 1255. Give c(34).
3
Let f(t) = t**3 + 44*t**2 - 1870*t - 10045. Give f(-69).
-40
Let c(o) = 829*o + 229529. Calculate c(-277).
-104
Let g(z) = 57*z**2 - 744*z + 3672. Calculate g(5).
1377
Let u(x) = -2*x**2 + 10075*x - 100553. Give u(10).
-3
Let q(y) = 10*y**2 + 337*y - 999. What is q(3)?
102
Let o(r) = 21518*r + 8413542. Calculate o(-391).
4
Let t(x) = 6644*x + 1747372. What is t(-263)?
0
Let z(m) = -m**3 + 4*m**2 + 2240*m - 15716. Determine z(7).
-183
Let y(o) = 13*o**2 - 644*o + 3277. What is y(7)?
-594
Let y(h) = h**3 + 207*h**2 + 471*h + 12367. What is y(-205)?
-138
Let g(j) = 1973*j + 33509. Determine g(-17).
-32
Let t(u) = -27*u**2 + 93*u - 508. Determine t(7).
-1180
Let w(i) = -53*i**2 - 226*i - 291. Calculate w(-3).
-90
Let n(k) = -3234*k + 29130. Determine n(9).
24
Let h(v) = 2*v**3 + 325*v**2 + 254*v + 14912. Give h(-162).
8
Let b(c) = -11*c**2 - 593*c - 6642. Give b(-15).
-222
Let v(f) = -5226*f - 26868. What is v(-5)?
-738
Let w(l) = -308*l**2 + 3689*l + 81. Calculate w(12).
-3
Let p(a) = -406*a**2 - 14234*a - 629. What is p(-35)?
211
Let p(r) = 2728*r**2 + 92776*r + 820. Give p(-34).
4
Let i(q) = -3*q**3 + 167*q**2 - 252*q - 459. Give i(54).
513
Let y(b) = -2*b**3 - 25*b**2 - 36*b - 497. Give y(-13).
140
Let u(z) = 63158*z + 884190. Calculate u(-14).
-22
Let f(z) = -19*z**3 + 83*z**2 - 31*z - 17. Determine f(4).
-29
Let k(r) = r**3 - 100*r**2 - 311*r + 214. Give k(103).
8
Let z(o) = 14673*o + 1790103. Calculate z(-122).
-3
Let d(i) = 14*i**2 - 9737*i + 24255. Calculate d(693).
0
Let o(g) = 129*g**2 - 2078*g + 272. What is o(16)?
48
Let p(h) = -h**3 + 292*h**2 - 4674*h - 268. Give p(275).
7
Let n(s) = s**3 + 256*s**2 + 14356*s - 536. Determine n(-173).
-17
Let k(b) = 2*b**3 - 18*b**2 - 215*b + 25. What is k(-9)?
-956
Let x(m) = -m**3 + 87*m**2 - 1321*m - 133. What is x(20)?
247
Let s(t) = -16*t**3 - t**2 + 19*t - 90. Determine s(4).
-1054
Let p(t) = -1321*t + 235176. What is p(178)?
38
Let k(h) = 3784*h - 29880. What is k(8)?
392
Let x(l) = 1253*l + 68932. Determine x(-55).
17
Let j(l) = l**2 - 477732*l + 5732636. Give j(12).
-4
Let p(n) = -n**3 - 266*n**2 + 42*n - 60078. Give p(-267).
-3
Let r(m) = -m**2 + 206*m + 5492. Determine r(230).
-28
Let u(t) = -7*t**2 + 5997*t - 234121. Determine u(41).
-11
Let z(f) = -f**3 - 187*f**2 - 7405*f + 632. Give z(-130).
-18
Let s(z) = -4*z**3 + 72*z**2 + 3056*z - 55394. Give s(18).
-386
Let v(y) = -2*y**2 - 143*y - 1055. What is v(-76)?
-1739
Let t(g) = 171*g - 9697. What is t(52)?
-805
Let v(q) = 2150038*q - 25800447. Determine v(12).
9
Let s(o) = -o**3 + 14*o**2 - 25958*o + 129565. Give s(5).
0
Let l(u) = -93*u**2 - 14138*u - 189. Give l(-152).
115
Let m(h) = 52461*h - 1888683. Give m(36).
-87
Let f(p) = 99974*p + 599803. Give f(-6).
-41
Let i(y) = -21492*y - 171924. Calculate i(-8).
12
Let u(w) = 515*w + 1490. What is u(-3)?
-55
Let o(q) = -291*q - 4441. Calculate o(-15).
-76
Let j(v) = -7*v**3 - 8*v**2 - 84*v - 235. Give j(-3).
134
Let h(i) = -34256*i + 2021051. Determine h(59).
-53
Let s(q) = -16524*q - 115653. What is s(-7)?
15
Let i(b) = -2513*b - 22714. What is i(-9)?
-97
Let j(p) = 1313*p + 150929. Give j(-115).
-66
Let n(a) = -14*a + 2345. Give n(76).
1281
Let t(o) = o**2 - 32*o + 2049. Give t(22).
1829
Let x(k) = 2*k**2 + 6041*k + 137853. Determine x(-23).
-32
Let j(s) = s**2 - 10674*s + 1723636. What is j(164)?
-4
Let s(f) = f**3 - 7*f**2 + 127*f - 987. What is s(7)?
-98
Let m(q) = 2*q**3 - 1007*q**2 + 126684*q + 4381. Determine m(257).
12
Let p(t) = -28276*t - 5202777. What is p(-184)?
7
Let m(d) = -3288*d - 65788. Give m(-20).
-28
Let c(a) = a**3 + 5*a**2 - 1170*a - 6900. Determine c(-6).
84
Let s(o) = 2933*o + 5648. Determine s(-2).
-218
Let h(i) = 2*i**2 - 485*i + 27930. Determine h(150).
180
Let c(y) = -126*y**2 - 469*y + 76. Determine c(-5).
-729
Let h(m) = -32*m**2 - 19233*m - 57999. What is h(-598)?
7
Let w(x) = 9*x**2 - 473*x + 210. What is w(52)?
-50
Let g(c) = 109*c**2 - 939*c + 38. What is g(9)?
416
Let s(a) = -2*a**2 + 65*a - 677. Determine s(27).
-380
Let r(k) = -1663271*k - 6653014. Calculate r(-4).
70
Let z(u) = 7*u**3 - 777*u**2 - 765*u - 2439. Calculate z(112).
-311
Let v(r) = -3*r + 327. Give v(-87).
588
Let t(k) = -1766*k + 45980. Determine t(26).
64
Let k(r) = -2942*r + 11449. Calculate k(3).
2623
Let u(k) = -k**3 - 21*k**2 - 279*k - 851. Give u(-4).
-7
Let v(o) = 4*o**2 - 91248*o + 638565. Give v(7).
25
Let u(n) = 2*n**3 + 127*n**2 + 747*n + 232. What is u(-57)?
-110
Let z(s) = -3*s**2 - 2592*s + 103115. What is z(38)?
287
Let h(p) = -131*p + 45223. What is h(345)?
28
Let l(r) = 75717*r - 378594. Determine l(5).
-9
Let y(u) = u**3 + 12*u**2 - 358*u - 3359. Give y(-9).
106
Let l(w) = -72*w + 121. What is l(-1)?
193
Let u(z) = -9293*z + 18553. Determine u(2).
-33
Let r(v) = v**2 + 52425*v + 314501. Give r(-6).
-13
Let j(n) = 5*n**2 - 58*n - 217. Determine j(-11).
1026
Let r(i) = 706*i - 46938. Give r(67).
364
Let o(b) = -b**3 + 22*b**2 + 920*b - 19748. Calculate o(21).
13
Let k(d) = -111*d - 8228. Calculate k(-72).
-236
Let p(b) = -320*b + 1211. Calculate p(5).
-389
Let u(j) = -j**3 + 39*j**2 - 2356*j + 91694. What is u(39)?
-190
Let v(r) = -3*r**2 + 318*r - 291. Calculate v(106).
-291
Let w(m) = -17770*m + 266839. Determine w(15).
289
Let d(l) = l**3 - 11*l**2 - 55*l + 732. What is d(10)?
82
Let u(x) = -7*x**2 + 30204*x + 90601. Determine u(-3).
-74
Let q(k) = 440*k**2 - 4416*k + 47. Calculate q(10).
-113
Let v(k) = 62*k**2 - 49*k - 1185. Determine v(5).
120
Let s(l) = 1357*l**2 + 13575*l + 47. What is s(-10)?
-3
Let n(b) = 7057*b + 1376130. Give n(-195).
15
Let i(v) = -42*v**3 - 4*v**2 - 7*v + 12. What is i(2)?
-354
Let o(k) = k**3 + 44*k**